ed by 48.
47
What is the remainder when 161 is divided by 45?
26
What is the remainder when 226 is divided by 31?
9
What is the remainder when 57 is divided by 6?
3
What is the remainder when 171 is divided by 23?
10
What is the remainder when 290 is divided by 48?
2
What is the remainder when 13 is divided by 7?
6
Calculate the remainder when 810 is divided by 404.
2
Calculate the remainder when 72 is divided by 8.
0
What is the remainder when 345 is divided by 311?
34
What is the remainder when 137 is divided by 126?
11
What is the remainder when 872 is divided by 13?
1
Calculate the remainder when 110 is divided by 42.
26
What is the remainder when 1021 is divided by 346?
329
Calculate the remainder when 78 is divided by 8.
6
What is the remainder when 719 is divided by 64?
15
What is the remainder when 3989 is divided by 143?
128
Calculate the remainder when 277 is divided by 37.
18
Calculate the remainder when 440 is divided by 189.
62
What is the remainder when 426 is divided by 11?
8
Calculate the remainder when 125 is divided by 33.
26
Calculate the remainder when 1227 is divided by 212.
167
Calculate the remainder when 399 is divided by 27.
21
What is the remainder when 997 is divided by 498?
1
Calculate the remainder when 59 is divided by 31.
28
What is the remainder when 1260 is divided by 398?
66
Calculate the remainder when 4761 is divided by 2.
1
Calculate the remainder when 1542 is divided by 15.
12
Calculate the remainder when 356 is divided by 73.
64
What is the remainder when 318 is divided by 53?
0
What is the remainder when 37 is divided by 25?
12
What is the remainder when 2441 is divided by 801?
38
What is the remainder when 1099 is divided by 100?
99
Calculate the remainder when 12918 is divided by 59.
56
Calculate the remainder when 716 is divided by 354.
8
What is the remainder when 412 is divided by 73?
47
Calculate the remainder when 229 is divided by 58.
55
Calculate the remainder when 3002 is divided by 997.
11
Calculate the remainder when 236 is divided by 96.
44
What is the remainder when 1843 is divided by 15?
13
What is the remainder when 99 is divided by 25?
24
What is the remainder when 271 is divided by 31?
23
What is the remainder when 79 is divided by 50?
29
Calculate the remainder when 317 is divided by 17.
11
What is the remainder when 2163 is divided by 80?
3
Calculate the remainder when 91 is divided by 23.
22
Calculate the remainder when 346 is divided by 58.
56
Calculate the remainder when 7226 is divided by 13.
11
Calculate the remainder when 1414 is divided by 31.
19
Calculate the remainder when 387 is divided by 30.
27
What is the remainder when 215 is divided by 18?
17
Calculate the remainder when 123 is divided by 32.
27
Calculate the remainder when 805 is divided by 101.
98
Calculate the remainder when 267 is divided by 103.
61
Calculate the remainder when 194 is divided by 70.
54
What is the remainder when 96 is divided by 4?
0
Calculate the remainder when 258 is divided by 129.
0
Calculate the remainder when 3081 is divided by 12.
9
Calculate the remainder when 581 is divided by 42.
35
Calculate the remainder when 191 is divided by 33.
26
Calculate the remainder when 244 is divided by 106.
32
Calculate the remainder when 4400 is divided by 5.
0
Calculate the remainder when 2919 is divided by 6.
3
Calculate the remainder when 705 is divided by 1.
0
Calculate the remainder when 2173 is divided by 16.
13
Calculate the remainder when 188 is divided by 20.
8
What is the remainder when 3703 is divided by 18?
13
What is the remainder when 218 is divided by 3?
2
Calculate the remainder when 1369 is divided by 1351.
18
What is the remainder when 303 is divided by 169?
134
Calculate the remainder when 86 is divided by 19.
10
What is the remainder when 77 is divided by 41?
36
What is the remainder when 783 is divided by 14?
13
What is the remainder when 6191 is divided by 12?
11
Calculate the remainder when 683 is divided by 171.
170
What is the remainder when 53 is divided by 16?
5
What is the remainder when 98 is divided by 16?
2
Calculate the remainder when 40 is divided by 14.
12
What is the remainder when 1342 is divided by 168?
166
Calculate the remainder when 24 is divided by 10.
4
Calculate the remainder when 166 is divided by 88.
78
Calculate the remainder when 600 is divided by 28.
12
Calculate the remainder when 748 is divided by 30.
28
What is the remainder when 427 is divided by 23?
13
Calculate the remainder when 56 is divided by 16.
8
What is the remainder when 1156 is divided by 43?
38
Calculate the remainder when 122 is divided by 25.
22
What is the remainder when 1168 is divided by 62?
52
Calculate the remainder when 54 is divided by 16.
6
Calculate the remainder when 208 is divided by 122.
86
Calculate the remainder when 479 is divided by 54.
47
What is the remainder when 1013 is divided by 30?
23
Calculate the remainder when 111 is divided by 104.
7
Calculate the remainder when 78 is divided by 31.
16
Calculate the remainder when 7 is divided by 2.
1
Calculate the remainder when 803 is divided by 48.
35
What is the remainder when 4237 is divided by 27?
25
Calculate the remainder when 2055 is divided by 98.
95
Calculate the remainder when 179 is divided by 30.
29
What is the remainder when 229 is divided by 75?
4
Calculate the remainder when 208 is divided by 42.
40
What is the remainder when 3919 is divided by 106?
103
Calculate the remainder when 721 is divided by 104.
97
Calculate the remainder when 1065 is divided by 13.
12
Calculate the remainder when 241 is divided by 21.
10
What is the remainder when 104 is divided by 19?
9
Calculate the remainder when 197 is divided by 29.
23
Calculate the remainder when 90 is divided by 13.
12
Calculate the remainder when 500 is divided by 41.
8
Calculate the remainder when 10580 is divided by 126.
122
What is the remainder when 269 is divided by 86?
11
What is the remainder when 314 is divided by 83?
65
What is the remainder when 173 is divided by 44?
41
Calculate the remainder when 2109 is divided by 12.
9
Calculate the remainder when 179 is divided by 45.
44
Calculate the remainder when 555 is divided by 133.
23
What is the remainder when 114 is divided by 43?
28
Calculate the remainder when 573 is divided by 67.
37
What is the remainder when 10295 is divided by 99?
98
What is the remainder when 5451 is divided by 144?
123
What is the remainder when 759 is divided by 145?
34
What is the remainder when 30 is divided by 6?
0
Calculate the remainder when 321 is divided by 178.
143
Calculate the remainder when 97 is divided by 5.
2
Calculate the remainder when 330 is divided by 38.
26
Calculate the remainder when 152 is divided by 20.
12
Calculate the remainder when 126 is divided by 47.
32
What is the remainder when 51 is divided by 9?
6
What is the remainder when 477 is divided by 16?
13
Calculate the remainder when 1281 is divided by 427.
0
What is the remainder when 228 is divided by 105?
18
Calculate the remainder when 341 is divided by 23.
19
What is the remainder when 457 is divided by 116?
109
What is the remainder when 3718 is divided by 15?
13
Calculate the remainder when 141 is divided by 67.
7
Calculate the remainder when 218 is divided by 20.
18
What is the remainder when 269 is divided by 64?
13
Calculate the remainder when 1819 is divided by 52.
51
What is the remainder when 223 is divided by 76?
71
Calculate the remainder when 75 is divided by 20.
15
What is the remainder when 747 is divided by 21?
12
What is the remainder when 176 is divided by 117?
59
Calculate the remainder when 3760 is divided by 290.
280
Calculate the remainder when 463 is divided by 26.
21
What is the remainder when 2855 is divided by 119?
118
Calculate the remainder when 407 is divided by 4.
3
What is the remainder when 377 is divided by 43?
33
What is the remainder when 15 is divided by 9?
6
What is the remainder when 51 is divided by 39?
12
Calculate the remainder when 4813 is divided by 166.
165
Calculate the remainder when 84 is divided by 79.
5
Calculate the remainder when 18 is divided by 11.
7
Calculate the remainder when 3510 is divided by 70.
10
What is the remainder when 203 is divided by 34?
33
Calculate the remainder when 259 is divided 